{"id":37840,"date":"2024-08-26T11:00:46","date_gmt":"2024-08-26T16:00:46","guid":{"rendered":"https:\/\/sesesc.qroo.gob.mx\/?page_id=37840"},"modified":"2026-04-01T10:13:30","modified_gmt":"2026-04-01T15:13:30","slug":"programa-presupuestal","status":"publish","type":"page","link":"https:\/\/sesesc.qroo.gob.mx\/index.php\/programa-presupuestal\/","title":{"rendered":"Programa Presupuestal"},"content":{"rendered":"\t\t<div data-elementor-type=\"wp-page\" data-elementor-id=\"37840\" class=\"elementor elementor-37840\">\n\t\t\t\t<div class=\"elementor-element elementor-element-a1e75a7 e-flex e-con-boxed e-con e-parent\" data-id=\"a1e75a7\" data-element_type=\"container\">\n\t\t\t\t\t<div class=\"e-con-inner\">\n\t\t\t\t<div class=\"elementor-element elementor-element-c125d35 elementor-widget elementor-widget-heading\" data-id=\"c125d35\" data-element_type=\"widget\" data-widget_type=\"heading.default\">\n\t\t\t\t<div class=\"elementor-widget-container\">\n\t\t\t\t\t<h2 class=\"elementor-heading-title elementor-size-default\">Metodolog\u00eda Marco L\u00f3gico<\/h2>\t\t\t\t<\/div>\n\t\t\t\t<\/div>\n\t\t\t\t\t<\/div>\n\t\t\t\t<\/div>\n\t\t<div class=\"elementor-element elementor-element-c64cd67 e-flex e-con-boxed e-con e-parent\" data-id=\"c64cd67\" data-element_type=\"container\">\n\t\t\t\t\t<div class=\"e-con-inner\">\n\t\t\t\t<div class=\"elementor-element elementor-element-7062607 elementor-widget elementor-widget-html\" data-id=\"7062607\" data-element_type=\"widget\" data-widget_type=\"html.default\">\n\t\t\t\t<div class=\"elementor-widget-container\">\n\t\t\t\t\t\r\n<details>\r\n<summary style=\"color: white;\">2026<\/summary>\r\n<a href=\"https:\/\/sesesc.qroo.gob.mx\/wp-content\/uploads\/2026\/04\/PP-E026.pdf\">Programa Presupuestario 2026 E026<\/a>\r\n<a href=\"https:\/\/sesesc.qroo.gob.mx\/wp-content\/uploads\/2026\/04\/PP-E055.pdf\">Programa Presupuestario 2026 E055<\/a>\r\n<a href=\"https:\/\/sesesc.qroo.gob.mx\/wp-content\/uploads\/2026\/04\/PP-M001.pdf\">Programa Presupuestario 2026 M001<\/a>\r\n<a href=\"https:\/\/sesesc.qroo.gob.mx\/wp-content\/uploads\/2026\/04\/PP-P003.pdf\">Programa Presupuestario 2026 P003<\/a>\r\n<a href=\"https:\/\/sesesc.qroo.gob.mx\/wp-content\/uploads\/2026\/04\/PP-P006.pdf\">Programa Presupuestario 2026 P006<\/a>\r\n<\/details>\r\n<details>\r\n<summary style=\"color: white;\">2025<\/summary>\r\n<a href=\"https:\/\/sesesc.qroo.gob.mx\/wp-content\/uploads\/2024\/10\/PP-M001.pdf\">Programa Presupuestario 2025 M00<\/a>\r\n<a href=\"https:\/\/sesesc.qroo.gob.mx\/wp-content\/uploads\/2024\/10\/PP-P006.pdf\">Programa Presupuestario 2025 P006<\/a>\r\n<a href=\"https:\/\/sesesc.qroo.gob.mx\/wp-content\/uploads\/2024\/10\/PP-E026.pdf\">Programa Presupuestario 2025 E026<\/a>\r\n<\/details>\r\n\r\n<style>\r\n  details {\r\n    width: 100%;\r\n    margin: 10px 0;\r\n    background-color: #ffffff;\r\n    border: 1px solid transparent;\r\n    border-radius: 4px;\r\n    font-family: \"Montserrat\", sans-serif;\r\n  }\r\n  summary {\r\n    cursor: pointer;\r\n    font-weight: bold;\r\n    padding: 10px;\r\n    background-color: #afafaf;\r\n    border-bottom: 1px solid transparent;\r\n    border-radius: 4px 4px 0 0;\r\n  }\r\n  details[open] summary {\r\n    background-color: #a0a0a0;\r\n  }\r\n  a {\r\n    display: block;\r\n    padding: 5px 10px;\r\n    margin: 2px 0;\r\n    background-color: #ffffff;\r\n    text-decoration: none;\r\n    color: #ab0a3d;\r\n    border-radius: 4px;\r\n    transition: background-color 0.3s ease;\r\n    margin-left: 20px;\r\n  }\r\n  a:hover {\r\n    background-color: #ffffff;\r\n  }\r\n  details details {\r\n    margin: 0;\r\n    border: none;\r\n    background-color: white !important;\r\n  }\r\n  details details summary {\r\n    background-color: #ffffff !important;\r\n    border-radius: 4px;\r\n    padding-left: 20px;\r\n    color: #999999;\r\n  }\r\n  details details details summary {\r\n    background-color: #ffffff !important;\r\n    border-radius: 4px;\r\n    padding-left: 30px;\r\n    color: #999999;\r\n    border: none;\r\n  }\r\n  details details details a {\r\n    background-color: #ffffff;\r\n    border: none;\r\n  }\r\n<\/style>\t\t\t\t<\/div>\n\t\t\t\t<\/div>\n\t\t\t\t\t<\/div>\n\t\t\t\t<\/div>\n\t\t\t\t<\/div>\n\t\t","protected":false},"excerpt":{"rendered":"<p>Metodolog\u00eda Marco L\u00f3gico 2026 Programa Presupuestario 2026 E026 Programa Presupuestario 2026 E055 Programa Presupuestario 2026 M001 Programa Presupuestario 2026 P003 Programa Presupuestario 2026 P006 2025 Programa Presupuestario 2025 M00 Programa Presupuestario 2025 P006 Programa Presupuestario 2025 E026<\/p>\n","protected":false},"author":4,"featured_media":0,"parent":0,"menu_order":0,"comment_status":"closed","ping_status":"closed","template":"","meta":{"footnotes":""},"class_list":["post-37840","page","type-page","status-publish"],"yoast_head":"<!-- This site is optimized with the Yoast SEO plugin v24.6 - https:\/\/yoast.com\/wordpress\/plugins\/seo\/ -->\n<title>Programa Presupuestal - Secretariado Ejecutivo del Sistema Estatal de Seguridad P\u00fablica<\/title>\n<meta name=\"robots\" content=\"noindex, follow, max-snippet:-1, max-image-preview:large, max-video-preview:-1\" \/>\n<meta property=\"og:locale\" content=\"es_MX\" \/>\n<meta property=\"og:type\" content=\"article\" \/>\n<meta property=\"og:title\" content=\"Programa Presupuestal - Secretariado Ejecutivo del Sistema Estatal de Seguridad P\u00fablica\" \/>\n<meta property=\"og:description\" content=\"Metodolog\u00eda Marco L\u00f3gico 2026 Programa Presupuestario 2026 E026 Programa Presupuestario 2026 E055 Programa Presupuestario 2026 M001 Programa Presupuestario 2026 P003 Programa Presupuestario 2026 P006 2025 Programa Presupuestario 2025 M00 Programa Presupuestario 2025 P006 Programa Presupuestario 2025 E026\" \/>\n<meta property=\"og:url\" content=\"https:\/\/sesesc.qroo.gob.mx\/index.php\/programa-presupuestal\/\" \/>\n<meta property=\"og:site_name\" content=\"Secretariado Ejecutivo del Sistema Estatal de Seguridad P\u00fablica\" \/>\n<meta property=\"article:modified_time\" content=\"2026-04-01T15:13:30+00:00\" \/>\n<meta name=\"twitter:card\" content=\"summary_large_image\" \/>\n<meta name=\"twitter:label1\" content=\"Tiempo de lectura\" \/>\n\t<meta name=\"twitter:data1\" content=\"1 minuto\" \/>\n<script type=\"application\/ld+json\" class=\"yoast-schema-graph\">{\"@context\":\"https:\/\/schema.org\",\"@graph\":[{\"@type\":\"WebPage\",\"@id\":\"https:\/\/sesesc.qroo.gob.mx\/index.php\/programa-presupuestal\/\",\"url\":\"https:\/\/sesesc.qroo.gob.mx\/index.php\/programa-presupuestal\/\",\"name\":\"Programa Presupuestal - Secretariado Ejecutivo del Sistema Estatal de Seguridad P\u00fablica\",\"isPartOf\":{\"@id\":\"https:\/\/sesesc.qroo.gob.mx\/#website\"},\"datePublished\":\"2024-08-26T16:00:46+00:00\",\"dateModified\":\"2026-04-01T15:13:30+00:00\",\"breadcrumb\":{\"@id\":\"https:\/\/sesesc.qroo.gob.mx\/index.php\/programa-presupuestal\/#breadcrumb\"},\"inLanguage\":\"es\",\"potentialAction\":[{\"@type\":\"ReadAction\",\"target\":[\"https:\/\/sesesc.qroo.gob.mx\/index.php\/programa-presupuestal\/\"]}]},{\"@type\":\"BreadcrumbList\",\"@id\":\"https:\/\/sesesc.qroo.gob.mx\/index.php\/programa-presupuestal\/#breadcrumb\",\"itemListElement\":[{\"@type\":\"ListItem\",\"position\":1,\"name\":\"Inicio\",\"item\":\"https:\/\/sesesc.qroo.gob.mx\/\"},{\"@type\":\"ListItem\",\"position\":2,\"name\":\"Programa Presupuestal\"}]},{\"@type\":\"WebSite\",\"@id\":\"https:\/\/sesesc.qroo.gob.mx\/#website\",\"url\":\"https:\/\/sesesc.qroo.gob.mx\/\",\"name\":\"Secretariado Ejecutivo del Sistema Estatal de Seguridad P\u00fablica\",\"description\":\"\",\"potentialAction\":[{\"@type\":\"SearchAction\",\"target\":{\"@type\":\"EntryPoint\",\"urlTemplate\":\"https:\/\/sesesc.qroo.gob.mx\/?s={search_term_string}\"},\"query-input\":{\"@type\":\"PropertyValueSpecification\",\"valueRequired\":true,\"valueName\":\"search_term_string\"}}],\"inLanguage\":\"es\"}]}<\/script>\n<!-- \/ Yoast SEO plugin. -->","yoast_head_json":{"title":"Programa Presupuestal - Secretariado Ejecutivo del Sistema Estatal de Seguridad P\u00fablica","robots":{"index":"noindex","follow":"follow","max-snippet":"max-snippet:-1","max-image-preview":"max-image-preview:large","max-video-preview":"max-video-preview:-1"},"og_locale":"es_MX","og_type":"article","og_title":"Programa Presupuestal - Secretariado Ejecutivo del Sistema Estatal de Seguridad P\u00fablica","og_description":"Metodolog\u00eda Marco L\u00f3gico 2026 Programa Presupuestario 2026 E026 Programa Presupuestario 2026 E055 Programa Presupuestario 2026 M001 Programa Presupuestario 2026 P003 Programa Presupuestario 2026 P006 2025 Programa Presupuestario 2025 M00 Programa Presupuestario 2025 P006 Programa Presupuestario 2025 E026","og_url":"https:\/\/sesesc.qroo.gob.mx\/index.php\/programa-presupuestal\/","og_site_name":"Secretariado Ejecutivo del Sistema Estatal de Seguridad P\u00fablica","article_modified_time":"2026-04-01T15:13:30+00:00","twitter_card":"summary_large_image","twitter_misc":{"Tiempo de lectura":"1 minuto"},"schema":{"@context":"https:\/\/schema.org","@graph":[{"@type":"WebPage","@id":"https:\/\/sesesc.qroo.gob.mx\/index.php\/programa-presupuestal\/","url":"https:\/\/sesesc.qroo.gob.mx\/index.php\/programa-presupuestal\/","name":"Programa Presupuestal - Secretariado Ejecutivo del Sistema Estatal de Seguridad P\u00fablica","isPartOf":{"@id":"https:\/\/sesesc.qroo.gob.mx\/#website"},"datePublished":"2024-08-26T16:00:46+00:00","dateModified":"2026-04-01T15:13:30+00:00","breadcrumb":{"@id":"https:\/\/sesesc.qroo.gob.mx\/index.php\/programa-presupuestal\/#breadcrumb"},"inLanguage":"es","potentialAction":[{"@type":"ReadAction","target":["https:\/\/sesesc.qroo.gob.mx\/index.php\/programa-presupuestal\/"]}]},{"@type":"BreadcrumbList","@id":"https:\/\/sesesc.qroo.gob.mx\/index.php\/programa-presupuestal\/#breadcrumb","itemListElement":[{"@type":"ListItem","position":1,"name":"Inicio","item":"https:\/\/sesesc.qroo.gob.mx\/"},{"@type":"ListItem","position":2,"name":"Programa Presupuestal"}]},{"@type":"WebSite","@id":"https:\/\/sesesc.qroo.gob.mx\/#website","url":"https:\/\/sesesc.qroo.gob.mx\/","name":"Secretariado Ejecutivo del Sistema Estatal de Seguridad P\u00fablica","description":"","potentialAction":[{"@type":"SearchAction","target":{"@type":"EntryPoint","urlTemplate":"https:\/\/sesesc.qroo.gob.mx\/?s={search_term_string}"},"query-input":{"@type":"PropertyValueSpecification","valueRequired":true,"valueName":"search_term_string"}}],"inLanguage":"es"}]}},"_links":{"self":[{"href":"https:\/\/sesesc.qroo.gob.mx\/index.php\/wp-json\/wp\/v2\/pages\/37840","targetHints":{"allow":["GET"]}}],"collection":[{"href":"https:\/\/sesesc.qroo.gob.mx\/index.php\/wp-json\/wp\/v2\/pages"}],"about":[{"href":"https:\/\/sesesc.qroo.gob.mx\/index.php\/wp-json\/wp\/v2\/types\/page"}],"author":[{"embeddable":true,"href":"https:\/\/sesesc.qroo.gob.mx\/index.php\/wp-json\/wp\/v2\/users\/4"}],"replies":[{"embeddable":true,"href":"https:\/\/sesesc.qroo.gob.mx\/index.php\/wp-json\/wp\/v2\/comments?post=37840"}],"version-history":[{"count":35,"href":"https:\/\/sesesc.qroo.gob.mx\/index.php\/wp-json\/wp\/v2\/pages\/37840\/revisions"}],"predecessor-version":[{"id":41065,"href":"https:\/\/sesesc.qroo.gob.mx\/index.php\/wp-json\/wp\/v2\/pages\/37840\/revisions\/41065"}],"wp:attachment":[{"href":"https:\/\/sesesc.qroo.gob.mx\/index.php\/wp-json\/wp\/v2\/media?parent=37840"}],"curies":[{"name":"wp","href":"https:\/\/api.w.org\/{rel}","templated":true}]}}