{"id":39784,"date":"2025-05-28T10:40:21","date_gmt":"2025-05-28T15:40:21","guid":{"rendered":"https:\/\/sesesc.qroo.gob.mx\/?page_id=39784"},"modified":"2026-04-28T15:24:55","modified_gmt":"2026-04-28T20:24:55","slug":"fasp-sesesc","status":"publish","type":"page","link":"https:\/\/sesesc.qroo.gob.mx\/index.php\/fasp-sesesc\/","title":{"rendered":"FASP SESESC"},"content":{"rendered":"\t\t<div data-elementor-type=\"wp-page\" data-elementor-id=\"39784\" class=\"elementor elementor-39784\">\n\t\t\t\t<div class=\"elementor-element elementor-element-357e0a4 e-flex e-con-boxed e-con e-parent\" data-id=\"357e0a4\" data-element_type=\"container\">\n\t\t\t\t\t<div class=\"e-con-inner\">\n\t\t<div class=\"elementor-element elementor-element-0225919 e-con-full e-flex e-con e-child\" data-id=\"0225919\" data-element_type=\"container\">\n\t\t\t\t<div class=\"elementor-element elementor-element-cb13066 elementor-widget elementor-widget-heading\" data-id=\"cb13066\" data-element_type=\"widget\" data-widget_type=\"heading.default\">\n\t\t\t\t<div class=\"elementor-widget-container\">\n\t\t\t\t\t<h2 class=\"elementor-heading-title elementor-size-default\">Fondo de Aportaciones para la Seguridad P\u00fablica<\/h2>\t\t\t\t<\/div>\n\t\t\t\t<\/div>\n\t\t\t\t<\/div>\n\t\t\t\t\t<\/div>\n\t\t\t\t<\/div>\n\t\t<div class=\"elementor-element elementor-element-c6ee680 e-flex e-con-boxed e-con e-parent\" data-id=\"c6ee680\" data-element_type=\"container\">\n\t\t\t\t\t<div class=\"e-con-inner\">\n\t\t\t\t<div class=\"elementor-element elementor-element-40c7eb8 elementor-widget elementor-widget-html\" data-id=\"40c7eb8\" data-element_type=\"widget\" data-widget_type=\"html.default\">\n\t\t\t\t<div class=\"elementor-widget-container\">\n\t\t\t\t\t<details>\r\n  <summary style=\"color: white\">FASP 2026<\/summary>\r\n  <details>\r\n    <summary>Convenio y Anexo <\/summary>\r\n    <p>\r\n      <a\r\n        href=\"https:\/\/sesesc.qroo.gob.mx\/wp-content\/uploads\/2026\/04\/Convenio-FASP-1.pdf\"\r\n        >Convenio coordinaci\u00f3n FASP<\/a\r\n      >\r\n    <\/p>\r\n     <p>\r\n      <a\r\n        href=\"https:\/\/sesesc.qroo.gob.mx\/wp-content\/uploads\/2026\/04\/Anexo-Tecnico-FASP.pdf\"\r\n        >Anexo t\u00e9cnico <\/a\r\n      >\r\n    <\/p>\r\n  <\/details>\r\n <\/details>\r\n  \r\n<details>\r\n  <summary style=\"color: white\">FASP 2025<\/summary>\r\n  <details>\r\n    <summary>Convenio y Anexo <\/summary>\r\n    <p>\r\n      <a\r\n        href=\"https:\/\/sesesc.qroo.gob.mx\/wp-content\/uploads\/2025\/05\/Convenio-Coordinacion-FASP-2025.pdf\"\r\n        >Convenio coordinaci\u00f3n FASP<\/a\r\n      >\r\n    <\/p>\r\n     <p>\r\n      <a\r\n        href=\"https:\/\/sesesc.qroo.gob.mx\/wp-content\/uploads\/2025\/05\/Anexo-Tecnico-Coordinacion-FASP.pdf\"\r\n        >Anexo t\u00e9cnico <\/a\r\n      >\r\n    <\/p>\r\n    <p>\r\n      <a\r\n        href=\"https:\/\/sesesc.qroo.gob.mx\/wp-content\/uploads\/2025\/06\/Anexo-3-Terminos-de-Referencia-FASP-2025.pdf\"\r\n        >T\u00e9rminos de referencia (Anexo 3)<\/a\r\n      >\r\n    <\/p>\r\n  <\/details>\r\n  <details>\r\n    <summary>Primer trimestre<\/summary>\r\n    <p>\r\n      <a\r\n        href=\"https:\/\/sesesc.qroo.gob.mx\/wp-content\/uploads\/2025\/05\/FASP-1ER-TRIMESTRE-SRFT-2025-Financieros.pdf\"\r\n        >Sistema recursos federales transferidos informe financiero PDF<\/a\r\n      >\r\n    <\/p>\r\n    <p>\r\n      <a\r\n        href=\"https:\/\/sesesc.qroo.gob.mx\/wp-content\/uploads\/2025\/05\/FASP-1ER-TRIMESTRE-SRFT-2025-Indicadores.pdf\"\r\n        >Sistema recursos federales transferidos informe de indicadores<\/a\r\n      >\r\n    <\/p>\r\n    <p>\r\n      <a\r\n        href=\"https:\/\/sesesc.qroo.gob.mx\/wp-content\/uploads\/2025\/05\/FASP-1ER-TRIMESTRE-SRFT-2025-Proyectos.pdf\"\r\n        >Sistema recursos federales transferidos informe de proyectos<\/a\r\n      >\r\n    <\/p>\r\n    <p>\r\n      <a\r\n        href=\"https:\/\/sesesc.qroo.gob.mx\/wp-content\/uploads\/2025\/05\/FASP-1ER-TRIM-SRFT-2025-PUB.xlsx\"\r\n        >Sistema recursos federales transferidos informe financiero XLSX<\/a\r\n      >\r\n    <\/p>\r\n  <\/details>\r\n  <details>\r\n    <summary>Segundo trimestre<\/summary>\r\n     <p>\r\n      <a\r\n        href=\"https:\/\/sesesc.qroo.gob.mx\/wp-content\/uploads\/2025\/08\/ESTRUCT-PROGRAM-2do.-T.Especifico-2025.pdf\"\r\n        >Informe final de la evaluaci\u00f3n de dise\u00f1o del FASP<\/a\r\n      >\r\n    <\/p>\r\n    <p>\r\n      <a\r\n        href=\"https:\/\/sesesc.qroo.gob.mx\/wp-content\/uploads\/2025\/08\/2o-trim.-fasp-2025.pdf\"\r\n        >Sistema recursos federales transferidos informe financiero PDF<\/a\r\n      >\r\n    <\/p>\r\n    <p>\r\n      <a\r\n        href=\"https:\/\/sesesc.qroo.gob.mx\/wp-content\/uploads\/2025\/08\/2o-trim-fasp-2025.xlsx\"\r\n        >Sistema recursos federales transferidos informe de indicadores<\/a\r\n      >\r\n    <\/p>\r\n  <\/details>\r\n  <details>\r\n    <summary>Tercer trimestre<\/summary>\r\n     <p>\r\n      <a\r\n        href=\"https:\/\/sesesc.qroo.gob.mx\/wp-content\/uploads\/2025\/10\/3er-trimestre-fasp-pub.-comprimido.pdf\"\r\n        >Informe sobre la situcaci\u00f3n econ\u00f3mica, las finanzas p\u00fablicas y deuda p\u00fablica PDF<\/a\r\n      >\r\n    <\/p>\r\n    <p>\r\n      <a\r\n        href=\"https:\/\/sesesc.qroo.gob.mx\/wp-content\/uploads\/2025\/10\/3er-Trimestre-fasp-pub.xlsx\"\r\n        >Informe sobre la situcaci\u00f3n econ\u00f3mica, las finanzas p\u00fablicas y deuda p\u00fablica PDF XLSX<\/a\r\n      >\r\n    <\/p>\r\n  <\/details>\r\n  <style>\r\n  details {\r\n    width: 100%;\r\n    margin: 10px 0;\r\n    background-color: #ffffff;\r\n    border: 1px solid transparent;\r\n    border-radius: 4px;\r\n    font-family: \"Montserrat\", sans-serif;\r\n  }\r\n  summary {\r\n    cursor: pointer;\r\n    font-weight: bold;\r\n    padding: 10px;\r\n    background-color: #afafaf;\r\n    border-bottom: 1px solid transparent;\r\n    border-radius: 4px 4px 0 0;\r\n  }\r\n  details[open] summary {\r\n    background-color: #a0a0a0;\r\n  }\r\n  a {\r\n    display: block;\r\n    padding: 5px 10px;\r\n    margin: 2px 0;\r\n    background-color: #ffffff;\r\n    text-decoration: none;\r\n    color: #ab0a3d;\r\n    border-radius: 4px;\r\n    transition: background-color 0.3s ease;\r\n    margin-left: 20px;\r\n  }\r\n  a:hover {\r\n    background-color: #ffffff;\r\n  }\r\n  details details {\r\n    margin: 0;\r\n    border: none;\r\n    background-color: white !important;\r\n  }\r\n  details details summary {\r\n    background-color: #ffffff !important;\r\n    border-radius: 4px;\r\n    padding-left: 20px;\r\n    color: #999999;\r\n  }\r\n  details details details summary {\r\n    background-color: #ffffff !important;\r\n    border-radius: 4px;\r\n    padding-left: 30px;\r\n    color: #999999;\r\n    border: none;\r\n  }\r\n  details details details a {\r\n    background-color: #ffffff;\r\n    border: none;\r\n  }\r\n<\/style>\t\t\t\t<\/div>\n\t\t\t\t<\/div>\n\t\t\t\t\t<\/div>\n\t\t\t\t<\/div>\n\t\t\t\t<\/div>\n\t\t","protected":false},"excerpt":{"rendered":"<p>Fondo de Aportaciones para la Seguridad P\u00fablica FASP 2026 Convenio y Anexo Convenio coordinaci\u00f3n FASP Anexo t\u00e9cnico FASP 2025 Convenio y Anexo Convenio coordinaci\u00f3n FASP Anexo t\u00e9cnico T\u00e9rminos de referencia (Anexo 3) Primer trimestre Sistema recursos federales transferidos informe financiero PDF Sistema recursos federales transferidos informe de indicadores Sistema recursos federales transferidos informe de proyectos &#8230; <a title=\"FASP SESESC\" class=\"read-more\" href=\"https:\/\/sesesc.qroo.gob.mx\/index.php\/fasp-sesesc\/\" aria-label=\"Leer m\u00e1s sobre FASP SESESC\">Leer m\u00e1s<\/a><\/p>\n","protected":false},"author":4,"featured_media":0,"parent":0,"menu_order":0,"comment_status":"closed","ping_status":"closed","template":"","meta":{"footnotes":""},"class_list":["post-39784","page","type-page","status-publish"],"yoast_head":"<!-- This site is optimized with the Yoast SEO plugin v24.6 - https:\/\/yoast.com\/wordpress\/plugins\/seo\/ -->\n<title>FASP SESESC - Secretariado Ejecutivo del Sistema Estatal de Seguridad P\u00fablica<\/title>\n<meta name=\"robots\" content=\"noindex, follow, max-snippet:-1, max-image-preview:large, max-video-preview:-1\" \/>\n<meta property=\"og:locale\" content=\"es_MX\" \/>\n<meta property=\"og:type\" content=\"article\" \/>\n<meta property=\"og:title\" content=\"FASP SESESC - Secretariado Ejecutivo del Sistema Estatal de Seguridad P\u00fablica\" \/>\n<meta property=\"og:description\" content=\"Fondo de Aportaciones para la Seguridad P\u00fablica FASP 2026 Convenio y Anexo Convenio coordinaci\u00f3n FASP Anexo t\u00e9cnico FASP 2025 Convenio y Anexo Convenio coordinaci\u00f3n FASP Anexo t\u00e9cnico T\u00e9rminos de referencia (Anexo 3) Primer trimestre Sistema recursos federales transferidos informe financiero PDF Sistema recursos federales transferidos informe de indicadores Sistema recursos federales transferidos informe de proyectos ... Leer m\u00e1s\" \/>\n<meta property=\"og:url\" content=\"https:\/\/sesesc.qroo.gob.mx\/index.php\/fasp-sesesc\/\" \/>\n<meta property=\"og:site_name\" content=\"Secretariado Ejecutivo del Sistema Estatal de Seguridad P\u00fablica\" \/>\n<meta property=\"article:modified_time\" content=\"2026-04-28T20:24:55+00:00\" \/>\n<meta name=\"twitter:card\" content=\"summary_large_image\" \/>\n<meta name=\"twitter:label1\" content=\"Tiempo de lectura\" \/>\n\t<meta name=\"twitter:data1\" content=\"1 minuto\" \/>\n<script type=\"application\/ld+json\" class=\"yoast-schema-graph\">{\"@context\":\"https:\/\/schema.org\",\"@graph\":[{\"@type\":\"WebPage\",\"@id\":\"https:\/\/sesesc.qroo.gob.mx\/index.php\/fasp-sesesc\/\",\"url\":\"https:\/\/sesesc.qroo.gob.mx\/index.php\/fasp-sesesc\/\",\"name\":\"FASP SESESC - Secretariado Ejecutivo del Sistema Estatal de Seguridad P\u00fablica\",\"isPartOf\":{\"@id\":\"https:\/\/sesesc.qroo.gob.mx\/#website\"},\"datePublished\":\"2025-05-28T15:40:21+00:00\",\"dateModified\":\"2026-04-28T20:24:55+00:00\",\"breadcrumb\":{\"@id\":\"https:\/\/sesesc.qroo.gob.mx\/index.php\/fasp-sesesc\/#breadcrumb\"},\"inLanguage\":\"es\",\"potentialAction\":[{\"@type\":\"ReadAction\",\"target\":[\"https:\/\/sesesc.qroo.gob.mx\/index.php\/fasp-sesesc\/\"]}]},{\"@type\":\"BreadcrumbList\",\"@id\":\"https:\/\/sesesc.qroo.gob.mx\/index.php\/fasp-sesesc\/#breadcrumb\",\"itemListElement\":[{\"@type\":\"ListItem\",\"position\":1,\"name\":\"Inicio\",\"item\":\"https:\/\/sesesc.qroo.gob.mx\/\"},{\"@type\":\"ListItem\",\"position\":2,\"name\":\"FASP SESESC\"}]},{\"@type\":\"WebSite\",\"@id\":\"https:\/\/sesesc.qroo.gob.mx\/#website\",\"url\":\"https:\/\/sesesc.qroo.gob.mx\/\",\"name\":\"Secretariado Ejecutivo del Sistema Estatal de Seguridad P\u00fablica\",\"description\":\"\",\"potentialAction\":[{\"@type\":\"SearchAction\",\"target\":{\"@type\":\"EntryPoint\",\"urlTemplate\":\"https:\/\/sesesc.qroo.gob.mx\/?s={search_term_string}\"},\"query-input\":{\"@type\":\"PropertyValueSpecification\",\"valueRequired\":true,\"valueName\":\"search_term_string\"}}],\"inLanguage\":\"es\"}]}<\/script>\n<!-- \/ Yoast SEO plugin. -->","yoast_head_json":{"title":"FASP SESESC - Secretariado Ejecutivo del Sistema Estatal de Seguridad P\u00fablica","robots":{"index":"noindex","follow":"follow","max-snippet":"max-snippet:-1","max-image-preview":"max-image-preview:large","max-video-preview":"max-video-preview:-1"},"og_locale":"es_MX","og_type":"article","og_title":"FASP SESESC - Secretariado Ejecutivo del Sistema Estatal de Seguridad P\u00fablica","og_description":"Fondo de Aportaciones para la Seguridad P\u00fablica FASP 2026 Convenio y Anexo Convenio coordinaci\u00f3n FASP Anexo t\u00e9cnico FASP 2025 Convenio y Anexo Convenio coordinaci\u00f3n FASP Anexo t\u00e9cnico T\u00e9rminos de referencia (Anexo 3) Primer trimestre Sistema recursos federales transferidos informe financiero PDF Sistema recursos federales transferidos informe de indicadores Sistema recursos federales transferidos informe de proyectos ... Leer m\u00e1s","og_url":"https:\/\/sesesc.qroo.gob.mx\/index.php\/fasp-sesesc\/","og_site_name":"Secretariado Ejecutivo del Sistema Estatal de Seguridad P\u00fablica","article_modified_time":"2026-04-28T20:24:55+00:00","twitter_card":"summary_large_image","twitter_misc":{"Tiempo de lectura":"1 minuto"},"schema":{"@context":"https:\/\/schema.org","@graph":[{"@type":"WebPage","@id":"https:\/\/sesesc.qroo.gob.mx\/index.php\/fasp-sesesc\/","url":"https:\/\/sesesc.qroo.gob.mx\/index.php\/fasp-sesesc\/","name":"FASP SESESC - Secretariado Ejecutivo del Sistema Estatal de Seguridad P\u00fablica","isPartOf":{"@id":"https:\/\/sesesc.qroo.gob.mx\/#website"},"datePublished":"2025-05-28T15:40:21+00:00","dateModified":"2026-04-28T20:24:55+00:00","breadcrumb":{"@id":"https:\/\/sesesc.qroo.gob.mx\/index.php\/fasp-sesesc\/#breadcrumb"},"inLanguage":"es","potentialAction":[{"@type":"ReadAction","target":["https:\/\/sesesc.qroo.gob.mx\/index.php\/fasp-sesesc\/"]}]},{"@type":"BreadcrumbList","@id":"https:\/\/sesesc.qroo.gob.mx\/index.php\/fasp-sesesc\/#breadcrumb","itemListElement":[{"@type":"ListItem","position":1,"name":"Inicio","item":"https:\/\/sesesc.qroo.gob.mx\/"},{"@type":"ListItem","position":2,"name":"FASP SESESC"}]},{"@type":"WebSite","@id":"https:\/\/sesesc.qroo.gob.mx\/#website","url":"https:\/\/sesesc.qroo.gob.mx\/","name":"Secretariado Ejecutivo del Sistema Estatal de Seguridad P\u00fablica","description":"","potentialAction":[{"@type":"SearchAction","target":{"@type":"EntryPoint","urlTemplate":"https:\/\/sesesc.qroo.gob.mx\/?s={search_term_string}"},"query-input":{"@type":"PropertyValueSpecification","valueRequired":true,"valueName":"search_term_string"}}],"inLanguage":"es"}]}},"_links":{"self":[{"href":"https:\/\/sesesc.qroo.gob.mx\/index.php\/wp-json\/wp\/v2\/pages\/39784","targetHints":{"allow":["GET"]}}],"collection":[{"href":"https:\/\/sesesc.qroo.gob.mx\/index.php\/wp-json\/wp\/v2\/pages"}],"about":[{"href":"https:\/\/sesesc.qroo.gob.mx\/index.php\/wp-json\/wp\/v2\/types\/page"}],"author":[{"embeddable":true,"href":"https:\/\/sesesc.qroo.gob.mx\/index.php\/wp-json\/wp\/v2\/users\/4"}],"replies":[{"embeddable":true,"href":"https:\/\/sesesc.qroo.gob.mx\/index.php\/wp-json\/wp\/v2\/comments?post=39784"}],"version-history":[{"count":37,"href":"https:\/\/sesesc.qroo.gob.mx\/index.php\/wp-json\/wp\/v2\/pages\/39784\/revisions"}],"predecessor-version":[{"id":41111,"href":"https:\/\/sesesc.qroo.gob.mx\/index.php\/wp-json\/wp\/v2\/pages\/39784\/revisions\/41111"}],"wp:attachment":[{"href":"https:\/\/sesesc.qroo.gob.mx\/index.php\/wp-json\/wp\/v2\/media?parent=39784"}],"curies":[{"name":"wp","href":"https:\/\/api.w.org\/{rel}","templated":true}]}}