{"id":41248,"date":"2026-04-29T10:35:28","date_gmt":"2026-04-29T15:35:28","guid":{"rendered":"https:\/\/sesesc.qroo.gob.mx\/?page_id=41248"},"modified":"2026-04-29T10:39:13","modified_gmt":"2026-04-29T15:39:13","slug":"politicas-bases-y-lineamientos-en-materia-de-adquisiciones-arrendamientos-y-prestacion-de-servicios-del-sesesc","status":"publish","type":"page","link":"https:\/\/sesesc.qroo.gob.mx\/index.php\/politicas-bases-y-lineamientos-en-materia-de-adquisiciones-arrendamientos-y-prestacion-de-servicios-del-sesesc\/","title":{"rendered":"Pol\u00edticas, Bases y Lineamientos en Materia de Adquisiciones, Arrendamientos y Prestaci\u00f3n de Servicios del SESESC"},"content":{"rendered":"\t\t<div data-elementor-type=\"wp-page\" data-elementor-id=\"41248\" class=\"elementor elementor-41248\">\n\t\t\t\t<div class=\"elementor-element elementor-element-9da5f7e e-flex e-con-boxed e-con e-parent\" data-id=\"9da5f7e\" data-element_type=\"container\">\n\t\t\t\t\t<div class=\"e-con-inner\">\n\t\t\t\t<div class=\"elementor-element elementor-element-617d92b elementor-widget elementor-widget-heading\" data-id=\"617d92b\" data-element_type=\"widget\" data-widget_type=\"heading.default\">\n\t\t\t\t<div class=\"elementor-widget-container\">\n\t\t\t\t\t<h2 class=\"elementor-heading-title elementor-size-default\">Pol\u00edticas, Bases y Lineamientos en Materia de Adquisiciones, Arrendamientos y Prestaci\u00f3n de Servicios del SESESC<\/h2>\t\t\t\t<\/div>\n\t\t\t\t<\/div>\n\t\t\t\t\t<\/div>\n\t\t\t\t<\/div>\n\t\t<div class=\"elementor-element elementor-element-2435022 e-flex e-con-boxed e-con e-parent\" data-id=\"2435022\" data-element_type=\"container\">\n\t\t\t\t\t<div class=\"e-con-inner\">\n\t\t\t\t<div class=\"elementor-element elementor-element-ee49542 elementor-widget elementor-widget-html\" data-id=\"ee49542\" data-element_type=\"widget\" data-widget_type=\"html.default\">\n\t\t\t\t<div class=\"elementor-widget-container\">\n\t\t\t\t\t<iframe src=\"https:\/\/sesesc.qroo.gob.mx\/wp-content\/uploads\/2026\/04\/01-28.pdf\" width=\"100%\" height=\"600px\" frameborder=\"0\"><\/iframe>\n<iframe src=\"https:\/\/sesesc.qroo.gob.mx\/wp-content\/uploads\/2026\/04\/29-56.pdf\" width=\"100%\" height=\"600px\" frameborder=\"0\"><\/iframe>\n<iframe src=\"https:\/\/sesesc.qroo.gob.mx\/wp-content\/uploads\/2026\/04\/57-59.pdf\" width=\"100%\" height=\"600px\" frameborder=\"0\"><\/iframe>\t\t\t\t<\/div>\n\t\t\t\t<\/div>\n\t\t\t\t\t<\/div>\n\t\t\t\t<\/div>\n\t\t\t\t<\/div>\n\t\t","protected":false},"excerpt":{"rendered":"<p>Pol\u00edticas, Bases y Lineamientos en Materia de Adquisiciones, Arrendamientos y Prestaci\u00f3n de Servicios del SESESC<\/p>\n","protected":false},"author":4,"featured_media":0,"parent":0,"menu_order":0,"comment_status":"closed","ping_status":"closed","template":"","meta":{"footnotes":""},"class_list":["post-41248","page","type-page","status-publish"],"yoast_head":"<!-- This site is optimized with the Yoast SEO plugin v24.6 - https:\/\/yoast.com\/wordpress\/plugins\/seo\/ -->\n<title>Pol\u00edticas, Bases y Lineamientos en Materia de Adquisiciones, Arrendamientos y Prestaci\u00f3n de Servicios del SESESC - Secretariado Ejecutivo del Sistema Estatal de Seguridad P\u00fablica<\/title>\n<meta name=\"robots\" content=\"noindex, follow, max-snippet:-1, max-image-preview:large, max-video-preview:-1\" \/>\n<meta property=\"og:locale\" content=\"es_MX\" \/>\n<meta property=\"og:type\" content=\"article\" \/>\n<meta property=\"og:title\" content=\"Pol\u00edticas, Bases y Lineamientos en Materia de Adquisiciones, Arrendamientos y Prestaci\u00f3n de Servicios del SESESC - Secretariado Ejecutivo del Sistema Estatal de Seguridad P\u00fablica\" \/>\n<meta property=\"og:description\" content=\"Pol\u00edticas, Bases y Lineamientos en Materia de Adquisiciones, Arrendamientos y Prestaci\u00f3n de Servicios del SESESC\" \/>\n<meta property=\"og:url\" content=\"https:\/\/sesesc.qroo.gob.mx\/index.php\/politicas-bases-y-lineamientos-en-materia-de-adquisiciones-arrendamientos-y-prestacion-de-servicios-del-sesesc\/\" \/>\n<meta property=\"og:site_name\" content=\"Secretariado Ejecutivo del Sistema Estatal de Seguridad P\u00fablica\" \/>\n<meta property=\"article:modified_time\" content=\"2026-04-29T15:39:13+00:00\" \/>\n<meta name=\"twitter:card\" content=\"summary_large_image\" \/>\n<meta name=\"twitter:label1\" content=\"Tiempo de lectura\" \/>\n\t<meta name=\"twitter:data1\" content=\"1 minuto\" \/>\n<script type=\"application\/ld+json\" class=\"yoast-schema-graph\">{\"@context\":\"https:\/\/schema.org\",\"@graph\":[{\"@type\":\"WebPage\",\"@id\":\"https:\/\/sesesc.qroo.gob.mx\/index.php\/politicas-bases-y-lineamientos-en-materia-de-adquisiciones-arrendamientos-y-prestacion-de-servicios-del-sesesc\/\",\"url\":\"https:\/\/sesesc.qroo.gob.mx\/index.php\/politicas-bases-y-lineamientos-en-materia-de-adquisiciones-arrendamientos-y-prestacion-de-servicios-del-sesesc\/\",\"name\":\"Pol\u00edticas, Bases y Lineamientos en Materia de Adquisiciones, Arrendamientos y Prestaci\u00f3n de Servicios del SESESC - Secretariado Ejecutivo del Sistema Estatal de Seguridad P\u00fablica\",\"isPartOf\":{\"@id\":\"https:\/\/sesesc.qroo.gob.mx\/#website\"},\"datePublished\":\"2026-04-29T15:35:28+00:00\",\"dateModified\":\"2026-04-29T15:39:13+00:00\",\"breadcrumb\":{\"@id\":\"https:\/\/sesesc.qroo.gob.mx\/index.php\/politicas-bases-y-lineamientos-en-materia-de-adquisiciones-arrendamientos-y-prestacion-de-servicios-del-sesesc\/#breadcrumb\"},\"inLanguage\":\"es\",\"potentialAction\":[{\"@type\":\"ReadAction\",\"target\":[\"https:\/\/sesesc.qroo.gob.mx\/index.php\/politicas-bases-y-lineamientos-en-materia-de-adquisiciones-arrendamientos-y-prestacion-de-servicios-del-sesesc\/\"]}]},{\"@type\":\"BreadcrumbList\",\"@id\":\"https:\/\/sesesc.qroo.gob.mx\/index.php\/politicas-bases-y-lineamientos-en-materia-de-adquisiciones-arrendamientos-y-prestacion-de-servicios-del-sesesc\/#breadcrumb\",\"itemListElement\":[{\"@type\":\"ListItem\",\"position\":1,\"name\":\"Inicio\",\"item\":\"https:\/\/sesesc.qroo.gob.mx\/\"},{\"@type\":\"ListItem\",\"position\":2,\"name\":\"Pol\u00edticas, Bases y Lineamientos en Materia de Adquisiciones, Arrendamientos y Prestaci\u00f3n de Servicios del SESESC\"}]},{\"@type\":\"WebSite\",\"@id\":\"https:\/\/sesesc.qroo.gob.mx\/#website\",\"url\":\"https:\/\/sesesc.qroo.gob.mx\/\",\"name\":\"Secretariado Ejecutivo del Sistema Estatal de Seguridad P\u00fablica\",\"description\":\"\",\"potentialAction\":[{\"@type\":\"SearchAction\",\"target\":{\"@type\":\"EntryPoint\",\"urlTemplate\":\"https:\/\/sesesc.qroo.gob.mx\/?s={search_term_string}\"},\"query-input\":{\"@type\":\"PropertyValueSpecification\",\"valueRequired\":true,\"valueName\":\"search_term_string\"}}],\"inLanguage\":\"es\"}]}<\/script>\n<!-- \/ Yoast SEO plugin. -->","yoast_head_json":{"title":"Pol\u00edticas, Bases y Lineamientos en Materia de Adquisiciones, Arrendamientos y Prestaci\u00f3n de Servicios del SESESC - Secretariado Ejecutivo del Sistema Estatal de Seguridad P\u00fablica","robots":{"index":"noindex","follow":"follow","max-snippet":"max-snippet:-1","max-image-preview":"max-image-preview:large","max-video-preview":"max-video-preview:-1"},"og_locale":"es_MX","og_type":"article","og_title":"Pol\u00edticas, Bases y Lineamientos en Materia de Adquisiciones, Arrendamientos y Prestaci\u00f3n de Servicios del SESESC - Secretariado Ejecutivo del Sistema Estatal de Seguridad P\u00fablica","og_description":"Pol\u00edticas, Bases y Lineamientos en Materia de Adquisiciones, Arrendamientos y Prestaci\u00f3n de Servicios del SESESC","og_url":"https:\/\/sesesc.qroo.gob.mx\/index.php\/politicas-bases-y-lineamientos-en-materia-de-adquisiciones-arrendamientos-y-prestacion-de-servicios-del-sesesc\/","og_site_name":"Secretariado Ejecutivo del Sistema Estatal de Seguridad P\u00fablica","article_modified_time":"2026-04-29T15:39:13+00:00","twitter_card":"summary_large_image","twitter_misc":{"Tiempo de lectura":"1 minuto"},"schema":{"@context":"https:\/\/schema.org","@graph":[{"@type":"WebPage","@id":"https:\/\/sesesc.qroo.gob.mx\/index.php\/politicas-bases-y-lineamientos-en-materia-de-adquisiciones-arrendamientos-y-prestacion-de-servicios-del-sesesc\/","url":"https:\/\/sesesc.qroo.gob.mx\/index.php\/politicas-bases-y-lineamientos-en-materia-de-adquisiciones-arrendamientos-y-prestacion-de-servicios-del-sesesc\/","name":"Pol\u00edticas, Bases y Lineamientos en Materia de Adquisiciones, Arrendamientos y Prestaci\u00f3n de Servicios del SESESC - Secretariado Ejecutivo del Sistema Estatal de Seguridad P\u00fablica","isPartOf":{"@id":"https:\/\/sesesc.qroo.gob.mx\/#website"},"datePublished":"2026-04-29T15:35:28+00:00","dateModified":"2026-04-29T15:39:13+00:00","breadcrumb":{"@id":"https:\/\/sesesc.qroo.gob.mx\/index.php\/politicas-bases-y-lineamientos-en-materia-de-adquisiciones-arrendamientos-y-prestacion-de-servicios-del-sesesc\/#breadcrumb"},"inLanguage":"es","potentialAction":[{"@type":"ReadAction","target":["https:\/\/sesesc.qroo.gob.mx\/index.php\/politicas-bases-y-lineamientos-en-materia-de-adquisiciones-arrendamientos-y-prestacion-de-servicios-del-sesesc\/"]}]},{"@type":"BreadcrumbList","@id":"https:\/\/sesesc.qroo.gob.mx\/index.php\/politicas-bases-y-lineamientos-en-materia-de-adquisiciones-arrendamientos-y-prestacion-de-servicios-del-sesesc\/#breadcrumb","itemListElement":[{"@type":"ListItem","position":1,"name":"Inicio","item":"https:\/\/sesesc.qroo.gob.mx\/"},{"@type":"ListItem","position":2,"name":"Pol\u00edticas, Bases y Lineamientos en Materia de Adquisiciones, Arrendamientos y Prestaci\u00f3n de Servicios del SESESC"}]},{"@type":"WebSite","@id":"https:\/\/sesesc.qroo.gob.mx\/#website","url":"https:\/\/sesesc.qroo.gob.mx\/","name":"Secretariado Ejecutivo del Sistema Estatal de Seguridad P\u00fablica","description":"","potentialAction":[{"@type":"SearchAction","target":{"@type":"EntryPoint","urlTemplate":"https:\/\/sesesc.qroo.gob.mx\/?s={search_term_string}"},"query-input":{"@type":"PropertyValueSpecification","valueRequired":true,"valueName":"search_term_string"}}],"inLanguage":"es"}]}},"_links":{"self":[{"href":"https:\/\/sesesc.qroo.gob.mx\/index.php\/wp-json\/wp\/v2\/pages\/41248","targetHints":{"allow":["GET"]}}],"collection":[{"href":"https:\/\/sesesc.qroo.gob.mx\/index.php\/wp-json\/wp\/v2\/pages"}],"about":[{"href":"https:\/\/sesesc.qroo.gob.mx\/index.php\/wp-json\/wp\/v2\/types\/page"}],"author":[{"embeddable":true,"href":"https:\/\/sesesc.qroo.gob.mx\/index.php\/wp-json\/wp\/v2\/users\/4"}],"replies":[{"embeddable":true,"href":"https:\/\/sesesc.qroo.gob.mx\/index.php\/wp-json\/wp\/v2\/comments?post=41248"}],"version-history":[{"count":4,"href":"https:\/\/sesesc.qroo.gob.mx\/index.php\/wp-json\/wp\/v2\/pages\/41248\/revisions"}],"predecessor-version":[{"id":41253,"href":"https:\/\/sesesc.qroo.gob.mx\/index.php\/wp-json\/wp\/v2\/pages\/41248\/revisions\/41253"}],"wp:attachment":[{"href":"https:\/\/sesesc.qroo.gob.mx\/index.php\/wp-json\/wp\/v2\/media?parent=41248"}],"curies":[{"name":"wp","href":"https:\/\/api.w.org\/{rel}","templated":true}]}}